. Suppose -4*p - p = 5*y - 220, -5*y + f = 4*p. What are the prime factors of p?
47
Suppose -9*w + 5*w + 8 = 0. Suppose -w*q + 4 + 2 = 0. Suppose -2*h + q + 5 = 0. List the prime factors of h.
2
Let f(l) = 5*l**2 - 7*l - 4. Let h be (6/(-9))/((-12)/(-54)). List the prime factors of f(h).
2, 31
Let i(p) = 2*p**2 + 7*p - 10. Let s = -40 - -33. What are the prime factors of i(s)?
3, 13
Let z be 2/5 + 780/(-75). Let q = 12 + z. Suppose 0*o + 78 = q*o. List the prime factors of o.
3, 13
Let s(f) = -5*f - 12. Let c be s(-4). Suppose -c + 70 = h. List the prime factors of h.
2, 31
List the prime factors of (-7)/(-1) + 109 + 0.
2, 29
Let o = 71 + -20. Suppose -2*k + o + 31 = -4*w, 0 = -k + 4*w + 33. List the prime factors of k.
7
Let x be 3/9*-2*-3. Let p = x - 10. Let q(g) = -5*g - 11. What are the prime factors of q(p)?
29
Let x = 73 + 394. List the prime factors of x.
467
Suppose 0 = 10*j - 2*j - 2880. List the prime factors of j.
2, 3, 5
Let b = 1290 - -1155. What are the prime factors of b?
3, 5, 163
What are the prime factors of (290/(-4))/(-1)*72/10?
2, 3, 29
Suppose -6*w = -w. Let v(f) = f**3 + 2*f**2 - 4*f. Let m be v(-3). List the prime factors of (w - m/12)*-8.
2
Let u be ((-1)/3)/((0 - -4)/(-2124)). Suppose 29*p - 28*p = u. List the prime factors of p.
3, 59
Let x = -25 - -49. Suppose 3*w + 0*w = x. Let d(f) = f**3 - 7*f**2 - 8*f + 5. What are the prime factors of d(w)?
5
Let f be 3*30/(-27)*30/(-25). Suppose -5*q = f*w - 233 - 778, q = w + 204. What are the prime factors of q?
7, 29
Suppose 4*n - 17*b - 4702 = -18*b, -5865 = -5*n + 5*b. List the prime factors of n.
5, 47
Let l be 3872/(-10) + 5 + 72/(-15). Let w = -208 - l. What are the prime factors of w?
179
Suppose -5*j + 1511 = 3*k, 5*j - 7*j + 2038 = 4*k. List the prime factors of k.
2
Suppose n = -181 - 18. Let p = 398 + n. What are the prime factors of p?
199
Let p(o) = 4*o**3 - o**2 + 8*o - 3. What are the prime factors of p(3)?
2, 3, 5
Let o = 6284 + -3869. List the prime factors of o.
3, 5, 7, 23
Let p(j) = -j**3 - 2*j + 28. Suppose 0*m = 9*m. List the prime factors of p(m).
2, 7
Suppose 0 = -4*p - 5*o + 321, 3*o = 3*p - 122 - 85. Suppose p = v + v. Let d = -15 + v. What are the prime factors of d?
2, 11
Let o(r) = 8*r - 1 - r**2 + 4 + 2*r**2. Suppose 2*s + 3*g = -4 - 0, -5*g - 20 = 0. List the prime factors of o(s).
3, 17
Suppose -2*v - 13 = -163. What are the prime factors of (-1)/(3*(-1)/v)?
5
Let m = 1447 + -883. What are the prime factors of m?
2, 3, 47
Let d = 23 + -12. Let z = d + -14. What are the prime factors of z/(3/(-13)) - -1?
2, 7
Let y be -2 - 160/(-88) - (-46)/11. Suppose y*s = 4*z - 736, -2*z + 66 = s - 290. List the prime factors of z.
2, 3, 5
Suppose n - 153 = -4*j + 602, -4 = 4*j. List the prime factors of n.
3, 11, 23
Let g(v) = -257*v**2 + 1. Let y be g(1). What are the prime factors of -3 + -1 + 1 + y/(-16)?
13
Let j(d) = -220*d**3 + 3*d**2 + 8*d + 11. What are the prime factors of j(-2)?
3, 19, 31
Let k(t) = 2*t + 5. Let r be k(1). Suppose 12*f - 40 = r*f. List the prime factors of f.
2
List the prime factors of 4056/52 - (-1 + -1 - -2).
2, 3, 13
Let j = 1 + 2. Let o(u) = u**3 + 3*u**2 - 2. Let z be o(2). Suppose z = -2*b + j*b. What are the prime factors of b?
2, 3
Let y = 455 + -297. Let d = y + -103. What are the prime factors of d?
5, 11
Suppose 5*i = 9*i + 32. Let x(q) = q**3 + 7*q**2 - 9*q - 3. Let u be x(i). Suppose -4*c + 15 = w, 2*c - u*w = 5*c - 7. What are the prime factors of c?
2
Suppose 45 = 4*f - f. Let i = -6 + 0. Let z = f - i. What are the prime factors of z?
3, 7
Suppose -3*v + 40 = -5*v. Let h(z) = 4*z + 58. Let u be h(3). Let s = u + v. What are the prime factors of s?
2, 5
Suppose -4*p - 65 = 2*l + 31, 5*p + l + 123 = 0. Suppose 0 = -2*y + 2*r - 36, -y - 2*r = y + 20. Let i = y - p. What are the prime factors of i?
11
List the prime factors of 506 - (-2 - (-9)/(-3)).
7, 73
Suppose 5*k - 4 = k. What are the prime factors of -7 + 9 - (-32 - k)?
5, 7
Let i be 8*(170/36 + 16/(-72)). Let a = -3 + 5. Suppose 0 = -a*u - 2 + i. What are the prime factors of u?
17
Let p(k) = -k**3 - 13*k**2 + 18*k - 6. Let b be p(-16). Suppose 3*t - b = 3*a, -t + 3*a = -44 - 104. What are the prime factors of t?
163
Let y = -20 + 23. Suppose 185 = -y*z + 695. What are the prime factors of (-108)/10*z/(-51)?
2, 3
Suppose -10*x + 9*x = 0. Suppose x = 6*t + 2*t - 48. Suppose -51 = -9*n + t*n. List the prime factors of n.
17
Let g be 4/7 - 219/(-21). List the prime factors of 2418/g - 12/198*-3.
2, 5, 11
Let n = -2 - -14. Let z be 10*(n/5)/4. What are the prime factors of (-12)/(-9)*9/z?
2
Let j = 27 + -45. Let f = 21 + j. Suppose -90 = f*r - 8*r. List the prime factors of r.
2, 3
What are the prime factors of 2/9 + (-6 - 20872/(-36))?
2, 7, 41
Let s(r) = r**2 + r + 2. Let p be s(-1). Suppose c - 30 = -p. What are the prime factors of c?
2, 7
Suppose 0 = -16*h + 1999 + 7009. What are the prime factors of h?
563
Suppose -9*b - 1633 = 365. Let x = -73 - b. List the prime factors of x.
149
What are the prime factors of (3 + -78)*-5 + 6?
3, 127
Let g(y) = y + 1. Let l be g(4). Let k(h) = h**2 + h - 2. Let z(j) = j**2 + 2*j - 1. Let i(n) = 5*k(n) - 4*z(n). List the prime factors of i(l).
2
Let x be (3/(-3))/((-4)/16). List the prime factors of x*(-7)/(56/(-110)).
5, 11
Let p(k) be the second derivative of -7/2*k**2 + 5/2*k**3 - 1/12*k**4 + 0 - 2*k. List the prime factors of p(12).
29
Suppose -2*r = -5*f - 183, -4*f - 218 + 65 = 5*r. Let m(z) = -z**2 - 11*z - 47. Let j be m(-5). Let t = j - f. List the prime factors of t.
2, 5
List the prime factors of 1394 + (41 + -39 - (-1 - -2)).
3, 5, 31
Suppose 3*q - 3*r - 929 = 5791, 0 = 2*r - 2. List the prime factors of q.
3, 83
Let c = 3223 + -2259. List the prime factors of c.
2, 241
Suppose -11*y + 469 = -4*y. List the prime factors of y.
67
Let a(b) = 6*b**2 - 6. Suppose -4*p - 26 = -6. Let j be a(p). Suppose 4*i - j - 64 = 4*u, -3*u = -3. List the prime factors of i.
53
Suppose 3*i - 4*i + 40 = 0. Suppose j + 5*u = -4*j + 155, j - 2*u - i = 0. Suppose 3*x = 2*m + j, -25 + 3 = -3*x + 5*m. List the prime factors of x.
2, 7
Suppose -s = -5*s + 12. Suppose -19 = -5*b - 0*h - 3*h, -3*h = -3*b - s. Suppose -2*g + 152 = 2*f + b*f, 3*g + 190 = 5*f. What are the prime factors of f?
2, 19
Let k(a) = -4*a**2 + a - 5. Let v(f) = -4*f**2 + 2*f - 6. Let b(q) = -6*k(q) + 5*v(q). What are the prime factors of b(3)?
2, 3
List the prime factors of 12/10*(-52870)/(-102).
2, 311
Let f = -30 - -24. Let r(x) = x**3 + 8*x**2 - x - 8. What are the prime factors of r(f)?
2, 5, 7
Suppose -5*k = -10, 4*c + 2*k = k + 302. What are the prime factors of c?
3, 5
Let k = 13 - -12. Let z = -52 + 57. Suppose 0 = -z*f + k, 4*l - 67 = -3*f + 44. List the prime factors of l.
2, 3
Suppose -c = -5*p + 248, 0*c - 2*c + p - 451 = 0. Let w = c - -482. Suppose 41 = 5*i - w. List the prime factors of i.
2, 3, 5
Let g = 173 + -269. Let r = -36 - g. List the prime factors of r.
2, 3, 5
Suppose 3*j + 9891 = 12*j. What are the prime factors of j?
7, 157
Let i(x) = -79*x + 779. List the prime factors of i(-19).
2, 3, 5, 19
Suppose 6 = 4*p - 22. Suppose -p*s + 3*s = 0. Suppose -3*j + 63 = 3*x, 25 = -s*j + j - x. List the prime factors of j.
23
Let r(c) = c**2 + 16. Let n be r(0). Suppose 0 = -7*b + 3*b - n. What are the prime factors of (-3 - -6)/((-3)/b)?
2
Let i = 86 - -86. What are the prime factors of i?
2, 43
Suppose -179 = 4*j + 77. Let o = j + 112. What are the prime factors of o?
2, 3
Let p = 1926 - 771. What are the prime factors of p?
3, 5, 7, 11
Let o be 1 - ((7 - 4) + -6). List the prime factors of 200/16 + 2/o.
13
Let y = 1 - 3. What are the prime factors of y/8 + 270/24?
11
Let c(o) = o**3 - 12*o**2 + 11*o + 1. Let q be c(11). List the prime factors of (-3)/q - ((0 - -4) + -87).
2, 5
Suppose -p + 6 = p. Suppose -4*z + 5*w - 5 = -6, -3*w = -9. Suppose -z*f + p = -f, -2*m + 4*f + 58 = 0. What are the prime factors of m?
31
Let z be (-37)/(-185) - -823*8/5. Suppose 0 = q + d - 265, -5*q = 9*d - 6*d - z. What are the prime factors of q?
3, 29
Let b be -9*5/(-10)*4/6. Suppose -j = 4*j - 150. Suppose -5*x - 83 = -3*p, 21 = 3*p + b*x - j. List the prime factors of p.
3, 7
Suppose -4*x = 4*l - 296, 213 = 2*l + 3*x + 60. Let j = l - 34. List the prime factors of